What is -12 - ((-7 - -17) + -13)?
-9
Evaluate 2 - (-4 + (0 + 2 - -6)).
-2
Evaluate -1 + (-6 + 5 - 1).
-3
What is the value of (-10 + 3 - -3) + (2 - 0)?
-2
(4 - (13 - 6)) + (-2 - -6)
1
Calculate 0 - (-7 + (10 - (-2 - -3))).
-2
Evaluate 5 + -4 + -5 - (2 - 1).
-5
Evaluate (2 - 1) + 1 + (1 - 0).
3
What is the value of -1 - (-1 - -2 - (5 + -4))?
-1
What is the value of 3 + (4 - 2 - (2 - -6))?
-3
Calculate (-21 - -17) + -2 + 4.
-2
12 + -8 + 0 - 10
-6
(-4 - (4 - 6)) + -1 + -3
-6
What is (-4 - -6 - -5) + -3?
4
2 - 0 - (-6 - (-7 - -4))
5
What is the value of -2 - (-4 + -1 + 0)?
3
What is -5 + 5 - (2 + -7)?
5
Calculate 0 + -4 + 7 + -2 + 6.
7
Evaluate 5 - (6 + (-5 - -9)).
-5
Evaluate -4 + 14 + -49 + 37.
-2
(0 - ((5 - 2) + -4)) + -1
0
What is the value of -1 + 0 - ((-11 - -8) + 5)?
-3
Evaluate 2 + -16 + 7 - -14.
7
Calculate -1 - (-4 + (-2 - -3)).
2
Calculate -1 - 3 - (-15 - (0 + -16)).
-5
Calculate -1 - -8 - (-69 + 76).
0
What is the value of 1 + -1 - (8 - (-14 + 18))?
-4
Calculate (2 - (-1 + 3 - -5)) + 3.
-2
What is the value of (-4 - (-10 - 3 - -3)) + -1?
5
-5 + 0 + 5 + 0
0
What is (-4 + 8 - 1) + -2 + 3?
4
Calculate (3 - (-1 - -6)) + 5 + -1.
2
What is -17 + 18 + (0 - 2) + 0?
-1
What is the value of -3 - 1 - (5 + -11)?
2
Calculate (0 - -4 - (15 + -14)) + -1.
2
What is the value of 9 - (1 - (7 - 2 - 9))?
4
What is 0 + -10 - (15 + -19 - 2)?
-4
-1 + (-9 - (-2 - 3))
-5
-7 + (-3 - (2 - 3) - -5)
-4
-1 + 20 - (147 + -133)
5
Evaluate -6 + 2 - (-8 - -13).
-9
Evaluate 5 - (2 - -2) - (-24 - -17).
8
(10 - 24) + (23 - -1)
10
What is the value of 2 - ((3 - -1) + (-2 - -2))?
-2
Evaluate 4 + -5 + 1 + -2 - -4.
2
Calculate 0 + 3 + (-6 - (-15 + 9)).
3
What is the value of 2 - (-3 - -6) - 0 - 1?
-2
What is the value of (4 - (-4 + 4 - -5)) + -4?
-5
Evaluate 0 - 2 - (-9 - (-6 + -1)).
0
Evaluate 43 + -61 - (1 - 14).
-5
What is -2 + -11 + 143 + -140?
-10
What is the value of (-54 - -59) + 0 + 1?
6
Evaluate -5 - (-3 - 2 - 4).
4
-15 - (12 - (9 + 13))
-5
What is the value of 3 - (-1 + -5 - -7)?
2
What is 6 + -3 + -14 + 6?
-5
Evaluate 0 + 6 + (-7 - (6 - 12)).
5
What is the value of 2 + (-2 - -1) - (3 - 2)?
0
What is -3 - -4 - -1 - (-7 + 10)?
-1
-3 + (13 - (4 - (5 + -7)))
4
Evaluate -1 - ((1 - -13) + (-7 - 0)).
-8
4 - (6 + -1) - (1 + -4)
2
What is -9 + 6 + 6 - 10?
-7
Evaluate -4 + 12 + -2 + -4.
2
(35 - 42) + (-1 - -7)
-1
Evaluate 17 + -24 + (-1 + 3 - 0).
-5
Evaluate 7 + (4 - 1 - (0 + 5)).
5
Calculate -3 + -7 + (10 - 5).
-5
What is the value of 0 + 2 - (6 + (-6 - -4))?
-2
(5 - 24 - -7) + 3
-9
What is -2 - (0 - (-3 - -4))?
-1
What is the value of -1 - 4 - -2 - (-3 + 1)?
-1
What is the value of 6 - 13 - -14 - (-5 + 5)?
7
What is 5 + -5 - -6 - 9?
-3
Calculate 0 - 4 - (0 - (10 + -7)).
-1
(-1 - (-10 + (-5 - -2))) + -5
7
Evaluate 2 + -8 + (0 - -5).
-1
Evaluate -2 + 1 + 4 - (8 + -10).
5
-4 + (2 - (-5 - -2))
1
What is -2 + (7 - (-4 + 9))?
0
What is 2 - (1 + 0 + -2)?
3
What is -3 - (-4 + (2 - -2))?
-3
-1 + -1 + 3 + -1 - -1
1
What is -10 + 1 - (-96 - -82)?
5
What is -2 - (-13 + 13 - (0 + -2))?
-4
Calculate 2 - 14 - (110 + -113).
-9
Evaluate (-2 - -6) + -11 - -10.
3
5 - (-5 - -8) - 5
-3
Calculate -2 - (-3 - (4 - 3)).
2
(-6 - 5) + -5 + 12 + -1
-5
What is the value of 5 + -4 + (3 - (5 - -3))?
-4
Calculate 0 - ((-5 - -1) + -10 + 10).
4
Evaluate 5 - (-6 - (-3 - 3)).
5
Calculate (3 - (1 - -16)) + 6.
-8
(-3 - 0) + -10 + 10 - -5
2
Evaluate 6 + -7 + -5 + 2.
-4
What is (2 - (4 - 3)) + 4?
5
What is the value of -4 + 0 + -4 + 4?
-4
3 + 9 + -21 + (7 - 1)
-3
What is the value of 0 + (6 - (-5 + 6))?
5
Calculate 6 + (-6 + -6 - -5).
-1
Evaluate -4 - (-3 + (-2 - -5)).
-4
What is the value of 2 + (-12 + 14 - (-2 + 2))?
4
Calculate -7 + 1 + (5 + 12 - 14).
-3
0 - 8 - (10 - 17)
-1
Calculate 6 - (15 - (2 + 2)).
-5
Calculate (0 + 3 - 3) + 3.
3
Evaluate 4 + (-5 - 3) - -4.
0
(0 + -1 - -5) + -6
-2
Evaluate 55 - 66 - (-13 + 2).
0
What is the value of 24 + -20 - (14 - 0 - 0)?
-10
Calculate (-6 - -2) + -17 + 18 - -10.
7
What is the value of 9 + (-1 - 4) - 6?
-2
Evaluate -9 - -11 - (4 + -7).
5
Evaluate (-5 - (5 + -4)) + 10 + -11.
-7
What is -8 - (1 - 5) - -3?
-1
What is 3 + (-1 - 2) - 3?
-3
Calculate 6 + (2 - (-5 + 8) - -1).
6
Calculate 5 + -10 + -4 + 11 + -6.
-4
-1 - -2 - (3 - -2)
-4
Calculate (-20 - -9) + 10 + 6.
5
What is -3 - (-8 + (-6 - -5)) - 0?
6
Calculate 6 - 7 - (2 - 0).
-3
Calculate 3 - ((4 - (3 - 2)) + 5).
-5
Calculate 36 + -39 - (1 + 0 + -2).
-2
Calculate -1 + 5 - 9 - -5.
0
Evaluate (-7 - (2 - 4) - -10) + -6.
-1
What is the value of 4 + (-3 - 5) + 6 + 2?
4
What is the value of 11 + -4 + -3 + 3 + -1?
6
Calculate 10 - 3 - (7 + -4).
4
Calculate (5 - (0 - -3)) + -5 + -2.
-5
What is the value of 2 + -3 + 1 + (1 - 5)?
-4
Evaluate 1 - (-7 - (-4 + 0)).
4
What is the value of -2 + -2 - (46 + -49)?
-1
What is the value of 3 - (8 + 0) - -1?
-4
What is -11 - (-12 + -9) - 8?
2
-4 + 14 - (1 + 4)
5
Evaluate 0 + -1 + (-13 - -17).
3
Evaluate (0 - 2) + 11 + 12 + -15.
6
Calculate -4 - (11 + -10 - 7).
2
What is 5 - ((1 - -2) + -4 + 0)?
6
What is -1 + 23 + (1 - 13)?
10
(-4 - -9) + (-12 - -10)
3
What is the value of -60 - -60 - (2 + 5 - 2)?
-5
Evaluate 2 + 3 + -1 + -2 + 4.
6
What is 55 + -56 - (-3 + -1)?
3
(-3 - -11) + 15 + -15 - -2
10
Calculate 0 - -4 - (-2 - -5).
1
Evaluate (25 - 33) + 3 + 3.
-2
What is 1 + -6 + 4 - 0?
-1
What is the value of -1 - (-10 - -11 - (-1 + 5))?
2
Calculate 4 + (0 - -2) + -1 - 3.
2
Evaluate (-18 - -21) + -3 + (0 - -2).
2
What is -2 + (0 - -4) - 5?
-3
1 - -1 - (-2 - -4)
0
What is the value of (2 - 0) + -3 + (-1 - -4)?
2
What is 4 - 2 - 9 - -13?
6
7 - (0 + 3 + -3 + 2)
5
What is 5 + -7 + (10 - 5)?
3
Evaluate -3 + 0 - (-20 + 17).
0
Calculate -1 - 0 - (-10 - -29 - 21).
1
Evaluate -2 + (-1 + (6 - 7) - 4).
-8
Evaluate 0 - (2 - (-2 - -6)).
2
-7 + 3 + (-1 - (-2 - -1))
-4
What is the value of (4 - 3 - -2) + 2 + -2?
3
What is -38 + 41 + (0 - 5)?
-2
What is 22 - 7 - (-8 - -16)?
7
What is 0 + 2 - (-3 + 4 - 3)?
4
What is the value of (3 - (3 - 8)) + (-5 - -2)?
5
Evaluate (-1 - -2) + (-13 - -14).
2
What is 8 + -9 + (1 - (2 - 5))?
3
What is (2 - 0) + -1 + -126 + 132?
7
7 - -2 - (12 - 6 - 3)
6
What is 4 - ((2 - 3) + 2) - -3?
6
What is the value of 4 + -3 + 1 - -1?
3
Evaluate 5 + (0 - 4) - (1 + -1).
1
What is the value of (-3 - -3) + -9 + 15?
6
(-6 - -6 - 1) + (-1 - -4)
2
What is (2 + 2 - -1) + -10 + 9?
4
What is the value of (-3 - 0) + 3 + (-5 - -1)?
-4
0 - 0 - (9 + -6 + 0)
-3
8 - -1 - 9 - -6
6
Evaluate -1 - 2 - ((-2 - -4) + -5).
0
(0 - -2 - (-6 + 5)) + 0
3
What is (-1 - -6) + 1 + -1?
5
Evaluate 24 + 3 + -9 - 12.
6
4 + -1 + -19 + 15
-1
Evaluate -8 - (-9 + 4 - 4).
1
Calculate -4 + 0 + 3 + 8 - 3.
4
Calculate (15 + 0 - (38 - 33)) + -3.
7
4 - (-4 + (2 - -4))
2
What is the value of (4 - (-6 + 9)) + (4 - 13)?
-8
What is -2 - ((2 - 10) + 6 + -2)?
2
Evaluate 4 + (-1 - 2 - 2).
-1
Evaluate -2 + 4 + 4 + -2.
4
(85 - 83) + -10 + 1
-7
What is 1 + -5 + 3 - -2?
1
Evaluate 0 + -5 - (8 - (9 - -4)).
0
What is -2 + 13 + (-10 - -5)?
6
What is 2 - (4 - (9 - 4) - -6)?
-3
Evaluate 4 + (-9 - (2 + -7)).
0
Calculate 3 + -1 + 4 + -3 + 2.
5
What is (-1 - -4) + -4 - (-2 - -3)?
-2
-14 - (-24 + 11 + 2)
-3
Calculate 7 + (-4 + 12 - 7) + -4.
4
-2 + (3 - 1) + (2 - -2)
4
Evaluate (-9 - -9) + 1 - 0.
1
Calculate (-8 - (-3 + -9)) + (1 - 1).
4
Evaluate 1 + 3 + -1 + -8.
-5
What is the value of 1 + -1 + 1 + -6 + 8?
3
What is 7 + (7 - -5) + -23?
-4
What is the value of 3 + (1 - (5 + -2 + -4))?
5
Calculate -1 - (-10 - -14) - -10.
5
Calculate (1 - (6 + -2)) + (0 - -6).
3
(5 - 7 - (-4 + 2)) + -4
-4
Calculate (4 - 2) + -17 + 16.
1
(-3 - 0 - -2) + 0 + 1
0
-2 + (-2 - -4) - 1
-1
Calculate -2 + -7 - (-6 - -2).
-5
(-2 - (3 + -6 + -5)) + -6
0
What is 0 + (4 - (-2 + 4 + 5))?
-3
What is the value of (0 - (-1 - -1)) + -1?
-1
1 + 12 + -6 - (5 - 1)
3
Evaluate -2 + 2 - ((-1 - -1) + 5).
-5
Calculate (9 + -8 - 8) + 10.
3
Calculate 4 + -2 - 1 - -3.
4
What is the value of 5 + -5 + (-4 - -9)?
5
What is 48 - 50 - (3 + -4)?
-1
What is the value of (-24 - -5) + 8 - -4?
-7
What is (-22 - -31) + -19 + (6 - -1)?
-3
Calculate (-36 - -29) + -5 - (-2 - -1).
-11
Evaluate 6 + (1 - 2) + -3 + 0.
2
5 + (-1 - 5) - 3
-4
(-3 - 14 - -1) + 11
-5
Evaluate -9 + (14 - 8) - (-2 - 2).
1
-6 + -4 + (2 - -10 - 2)
0
Evaluate (4 - -2) + -10 + 8.
4
What is 0 - 0 - (18 - 19) - 5?
-4
What is 3 - (9 + -5) - 2?
-3
